
2, 89, 6173
List the prime factors of 625405.
5, 11, 83, 137
List the prime factors of 9289958.
2, 1721, 2699
What are the prime factors of 170046?
2, 3, 47, 67
What are the prime factors of 4333908?
2, 3, 361159
List the prime factors of 76523.
59, 1297
What are the prime factors of 293432?
2, 43, 853
What are the prime factors of 570360?
2, 3, 5, 7, 97
List the prime factors of 1018300.
2, 5, 17, 599
List the prime factors of 821519.
821519
List the prime factors of 2345207.
103, 22769
List the prime factors of 831664.
2, 59, 881
List the prime factors of 878600.
2, 5, 23, 191
What are the prime factors of 4873757?
7, 139, 5009
List the prime factors of 32615871.
3, 337, 32261
What are the prime factors of 28262772?
2, 3, 17, 46181
List the prime factors of 13875112.
2, 1307, 1327
List the prime factors of 4472416.
2, 13, 827
List the prime factors of 10917038.
2, 11, 496229
List the prime factors of 59158.
2, 11, 2689
What are the prime factors of 122763?
3, 151, 271
What are the prime factors of 4128156?
2, 3, 114671
What are the prime factors of 180955?
5, 36191
List the prime factors of 4446572.
2, 13, 233, 367
List the prime factors of 15259885.
5, 3051977
List the prime factors of 4198011.
3, 29, 73, 661
What are the prime factors of 135311?
11, 12301
What are the prime factors of 811293?
3, 7, 5519
List the prime factors of 311299.
311299
What are the prime factors of 21192?
2, 3, 883
List the prime factors of 264744.
2, 3, 3677
What are the prime factors of 311576?
2, 17, 29, 79
What are the prime factors of 310479?
3, 13, 19, 419
What are the prime factors of 785079?
3, 29077
What are the prime factors of 5699206?
2, 251, 11353
What are the prime factors of 283394?
2, 141697
List the prime factors of 54873.
3, 7, 13, 67
What are the prime factors of 8553854?
2, 4276927
List the prime factors of 7876737.
3, 11, 2411
What are the prime factors of 20458913?
631, 32423
What are the prime factors of 1228804?
2, 307201
What are the prime factors of 216774?
2, 3, 12043
What are the prime factors of 6557839?
6557839
What are the prime factors of 55682?
2, 11, 2531
What are the prime factors of 1974101?
149, 13249
What are the prime factors of 4666628?
2, 19, 61403
What are the prime factors of 587953?
467, 1259
List the prime factors of 2589801.
3, 151, 5717
List the prime factors of 186848.
2, 5839
What are the prime factors of 376673?
11, 283
What are the prime factors of 141256?
2, 17657
List the prime factors of 1089279.
3, 127, 953
List the prime factors of 40864197.
3, 11, 47, 26347
What are the prime factors of 1273757?
1273757
What are the prime factors of 3190574?
2, 1595287
What are the prime factors of 109435?
5, 43, 509
What are the prime factors of 538770?
2, 3, 5, 17959
List the prime factors of 215835.
3, 5, 14389
What are the prime factors of 154305?
3, 5, 127
List the prime factors of 176792.
2, 7, 11, 41
What are the prime factors of 647641?
647641
List the prime factors of 31761113.
31761113
List the prime factors of 1846235.
5, 369247
List the prime factors of 3887591.
61, 101, 631
What are the prime factors of 396058?
2, 13, 15233
List the prime factors of 666502.
2, 17, 19603
What are the prime factors of 211038?
2, 3, 17, 2069
What are the prime factors of 11759094?
2, 3, 29, 2503
What are the prime factors of 161023?
23, 7001
List the prime factors of 1859912.
2, 137, 1697
List the prime factors of 1851903.
3, 7621
What are the prime factors of 96925?
5, 3877
What are the prime factors of 2866315?
5, 573263
List the prime factors of 530050.
2, 5, 10601
What are the prime factors of 124687?
67, 1861
List the prime factors of 333115.
5, 17, 3919
What are the prime factors of 5988542?
2, 7, 41, 10433
What are the prime factors of 562717?
17, 79, 419
What are the prime factors of 1575025?
5, 251
What are the prime factors of 265027?
7, 37861
What are the prime factors of 3733682?
2, 23, 3529
What are the prime factors of 821234?
2, 410617
What are the prime factors of 67578?
2, 3, 7, 1609
What are the prime factors of 111201?
3, 101, 367
List the prime factors of 2285960.
2, 5, 57149
What are the prime factors of 8815129?
17, 31, 43, 389
List the prime factors of 1340947.
1340947
List the prime factors of 2844990.
2, 3, 5, 41, 257
What are the prime factors of 1019538?
2, 3, 13, 4357
What are the prime factors of 46235?
5, 7, 1321
List the prime factors of 11807893.
79, 137, 1091
What are the prime factors of 333577?
83, 4019
What are the prime factors of 5151144?
2, 3, 214631
List the prime factors of 121785.
3, 5, 23, 353
List the prime factors of 20983899.
3, 17, 411449
What are the prime factors of 1558351?
1558351
What are the prime factors of 28427444?
2, 7106861
What are the prime factors of 1117942?
2, 7, 47, 1699
List the prime factors of 23661595.
5, 23, 61, 3373
What are the prime factors of 20132222?
2, 11, 23, 3617
List the prime factors of 481257.
3, 7, 7639
List the prime factors of 1018170.
2, 3, 5, 419
What are the prime factors of 3570734?
2, 1785367
List the prime factors of 2498596.
2, 624649
What are the prime factors of 108582?
2, 3, 18097
List the prime factors of 397071.
3, 44119
List the prime factors of 496444.
2, 13, 9547
List the prime factors of 163112.
2, 20389
List the prime factors of 471761.
283, 1667
List the prime factors of 1499455.
5, 299891
What are the prime factors of 3266262?
2, 3, 181459
What are the prime factors of 2603274?
2, 3, 137, 3167
List the prime factors of 141461.
141461
What are the prime factors of 804970?
2, 5, 101, 797
What are the prime factors of 8937016?
2, 11, 41, 2477
List the prime factors of 41375.
5, 331
What are the prime factors of 3084633?
3, 17, 20161
What are the prime factors of 949209?
3, 316403
What are the prime factors of 12234412?
2, 3058603
List the prime factors of 31737928.
2, 3967241
What are the prime factors of 212565?
3, 5, 37, 383
What are the prime factors of 1527989?
37, 61, 677
What are the prime factors of 611797?
349, 1753
List the prime factors of 3794083.
3794083
List the prime factors of 269795.
5, 53959
What are the prime factors of 213827?
213827
What are the prime factors of 519894?
2, 3, 17, 1699
List the prime factors of 146468.
2, 7, 5231
What are the prime factors of 232032?
2, 3, 2417
What are the prime factors of 4663690?
2, 5, 466369
List the prime factors of 23002731.
3, 851953
List the prime factors of 1592389.
67, 23767
List the prime factors of 3803089.
29, 199, 659
List the prime factors of 3756567.
3, 23, 54443
List the prime factors of 113805.
3, 5, 281
List the prime factors of 1380500.
2, 5, 11, 251
List the prime factors of 528718.
2, 264359
List the prime factors of 2012164.
2, 7, 11, 47, 139
List the prime factors of 532225.
5, 61, 349
List the prime factors of 103314.
2, 3, 67, 257
List the prime factors of 860364.
2, 3, 23899
List the prime factors of 40360.
2, 5, 1009
What are the prime factors of 393017?
393017
List the prime factors of 4035683.
1447, 2789
List the prime factors of 2386070.
2, 5, 31, 43, 179
List the prime factors of 215510.
2, 5, 23, 937
List the prime factors of 2721284.
2, 680321
List the prime factors of 304974.
2, 3, 16943
What are the prime factors of 18044438?
2, 29, 311111
What are the prime factors of 85511?
233, 367
What are the prime factors of 210028?
2, 7, 13, 577
What are the prime factors of 5926013?
17, 359, 971
What are the prime factors of 646501?
37, 101, 173
What are the prime factors of 1423822?
2, 19, 89, 421
What are the prime factors of 124710?
2, 3, 5, 4157
List the prime factors of 2125783.
11, 149, 1297
What are the prime factors of 97669?
11, 13, 683
List the prime factors of 616974.
2, 3, 102829
What are the prime factors of 3908410?
2, 5, 11, 35531
List the prime factors of 9562801.
9562801
List the prime factors of 20859365.
5, 41, 97, 1049
What are the prime factors of 3194806?
2, 107, 14929
List the prime factors of 4855811.
19, 13451
List the prime factors of 4675660.
2, 5, 11, 53, 401
List the prime factors of 290627.
290627
List the prime factors of 829106.
2, 414553
What are the prime factors of 431029?
431029
List the prime factors of 5379855.
3, 5, 13, 47, 587
List the prime factors of 107192.
2, 13399
List the prime factors of 294091.
7, 42013